{"id":103,"date":"2011-01-31T20:56:11","date_gmt":"2011-01-31T19:56:11","guid":{"rendered":"https:\/\/www.pgd-cusperk.si\/?page_id=103"},"modified":"2014-02-07T11:12:31","modified_gmt":"2014-02-07T10:12:31","slug":"tekmovanja-in-dosezki","status":"publish","type":"page","link":"https:\/\/www.pgd-cusperk.si\/?page_id=103","title":{"rendered":"Tekmovanja in dose\u017eki"},"content":{"rendered":"<p>V gasilskem dru\u0161tvu \u010cu\u0161perk smo zelo dejavni na podro\u010dju tekmovanj. Na\u0161e ekipe zastopajo ime dru\u0161tva vsako leto na ob\u010dinskih tekmovanjih, kjer tudi dosegamo zavidljive uspehe. Tam po zaslugi zmag ali mest tik pod vrhom popeljemo nekaj desetin na nadaljna regijska tekmovanja od tam pa prakti\u010dno vsako leto tudi kak\u0161no ekipo na dr\u017eavne tekme. <\/p>\n<p><strong>V dru\u0161tvu imamo desetino pionirjev, mladincev, \u010dlanic A in B ter \u010dlanov A in B:<\/strong>ngg_shortcode_0_placeholder<\/p>\n<ol>\n<\/ol>\n<ul>\n<\/ul>\n<p>Udele\u017eujemo se tudi tekmovanj v kvizih, orientaciji, \u0161portnih igrah, sodelujemo na mednarodnih tekmah (tekmovanje Slovenije &#8211; Avstrije &#8211; Hrva\u0161ke)&#8230;<\/p>\n<p><strong>Odmevnej\u0161i dose\u017eki:<\/strong><\/p>\n<li>Na mednarodni tekmi slovenske in hrva\u0161ke mladine v Palomi (Sladki vrh) maja 2010 je ekipa mladincev PGD \u010cu\u0161perk osvojila prvo mesto v gasilski vaji. <\/li>\n<li>Leto 2008 je bilo za nas posebno uspe\u0161no leto. Prvi\u010d v zgodovini dru\u0161tva se je katera koli desetina veselila naslova dr\u017eavnega prvaka. Takrat je to uspelo na\u0161i pionirski desetini v Ravnah na Koro\u0161kem.<\/li>\n<li>\u010clani in \u010dlanice A se vsako leto potegujejo za \u010dimbolj\u0161e rezultate na Pokalnih tekmah Slovenije, kjer dr\u017eimo stik z najbolj\u0161imi ekipami v dr\u017eavi.<\/li>\n<ul>\n<\/ul>\n<p><a href=\"https:\/\/www.pgd-cusperk.si\/?attachment_id=241\" rel=\"attachment wp-att-241\"><img loading=\"lazy\" decoding=\"async\" src=\"https:\/\/www.pgd-cusperk.si\/wp-content\/uploads\/2011\/01\/IMG_7881.jpg\" alt=\"\" title=\"IMG_7881\" width=\"840\" height=\"630\" class=\"aligncenter size-full wp-image-241\" srcset=\"https:\/\/www.pgd-cusperk.si\/wp-content\/uploads\/2011\/01\/IMG_7881.jpg 1600w, https:\/\/www.pgd-cusperk.si\/wp-content\/uploads\/2011\/01\/IMG_7881-150x112.jpg 150w, https:\/\/www.pgd-cusperk.si\/wp-content\/uploads\/2011\/01\/IMG_7881-300x225.jpg 300w, https:\/\/www.pgd-cusperk.si\/wp-content\/uploads\/2011\/01\/IMG_7881-950x712.jpg 950w\" sizes=\"auto, (max-width: 840px) 100vw, 840px\" \/><\/a><br \/>\n                            <strong><em>Dr\u017eavni prvaki 2008: Pionirji PGD \u010cu\u0161perk<\/em><\/strong><br \/>\n_ _ _ _ _ _ _ _ _ _ _ _ _ _ _ _ _ _ _ _ _ _ _ _ _ _ _ _ _ _ _ _ _ _ _ _ _ _ _ _ _ _ _ _ _ _ _ _ _ _ _ _ _ _ _ _ <\/p>\n<p>Video vsebina z tekmovanj:<\/strong><br \/>\n<em>Sre\u010danje slovenske in hrva\u0161ke gasilske mladine 2010:<\/em><div class=\"youtube_sc  fluid widescreen\"><div class=\"inner block\"><noscript><style type=\"text\/css\">.youtube_sc iframe.yp{display:none;}<\/style><object width=\"560\" height=\"340\" class=\"yp\" title=\"YouTube video player\"><param name=\"movie\" value=\"http:\/\/www.youtube.com\/v\/PMBdk2AebuY?version=3&amp;hl=en_US\"><param name=\"allowscriptaccess\" value=\"always\"><param name=\"wmode\" value=\"transparent\"><embed src=\"http:\/\/www.youtube.com\/v\/PMBdk2AebuY?version=3&amp;hl=en_US\" width=\"560\" height=\"340\" class=\"yp\" type=\"application\/x-shockwave-flash\" wmode=\"transparent\" allowscriptaccess=\"always\"><span style=\"display:block;margin-top:15px;\">The Adobe Flash Player is required for video playback.<br><a href=\"http:\/\/get.adobe.com\/flashplayer\/\" title=\"Install from Adobe\">Get the latest Flash Player<\/a> or <a href=\"http:\/\/www.youtube.com\/watch?v=PMBdk2AebuY\" target=\"_blank\" title=\"Watch on YouTube\">Watch this video on YouTube<\/a>.<\/span><\/object><\/noscript><iframe loading=\"lazy\" src=\"http:\/\/www.youtube.com\/embed\/PMBdk2AebuY?version=3&amp;wmode=transparent\" width=\"560\" height=\"340\" class=\"yp\" title=\"YouTube video player\" frameborder=\"0\" allowfullscreen><\/iframe><\/div><\/div><\/p>\n<ol>\n<\/ol>\n<p><em>Dr\u017eavno gasilsko tekmovanje za pionirje in mladince 2010:<\/em><div class=\"youtube_sc  fluid widescreen\"><div class=\"inner block\"><noscript><style type=\"text\/css\">.youtube_sc iframe.yp{display:none;}<\/style><object width=\"560\" height=\"340\" class=\"yp\" title=\"YouTube video player\"><param name=\"movie\" value=\"http:\/\/www.youtube.com\/v\/eBqbxLrCZO4?version=3&amp;hl=en_US\"><param name=\"allowscriptaccess\" value=\"always\"><param name=\"wmode\" value=\"transparent\"><embed src=\"http:\/\/www.youtube.com\/v\/eBqbxLrCZO4?version=3&amp;hl=en_US\" width=\"560\" height=\"340\" class=\"yp\" type=\"application\/x-shockwave-flash\" wmode=\"transparent\" allowscriptaccess=\"always\"><span style=\"display:block;margin-top:15px;\">The Adobe Flash Player is required for video playback.<br><a href=\"http:\/\/get.adobe.com\/flashplayer\/\" title=\"Install from Adobe\">Get the latest Flash Player<\/a> or <a href=\"http:\/\/www.youtube.com\/watch?v=eBqbxLrCZO4\" target=\"_blank\" title=\"Watch on YouTube\">Watch this video on YouTube<\/a>.<\/span><\/object><\/noscript><iframe loading=\"lazy\" src=\"http:\/\/www.youtube.com\/embed\/eBqbxLrCZO4?version=3&amp;wmode=transparent\" width=\"560\" height=\"340\" class=\"yp\" title=\"YouTube video player\" frameborder=\"0\" allowfullscreen><\/iframe><\/div><\/div><\/p>\n<ol>\n<\/ol>\n<p><em>Dr\u017eavno \u010dlansko gasilsko tekmovanje 2010<\/em><div class=\"youtube_sc  fluid widescreen\"><div class=\"inner block\"><noscript><style type=\"text\/css\">.youtube_sc iframe.yp{display:none;}<\/style><object width=\"560\" height=\"340\" class=\"yp\" title=\"YouTube video player\"><param name=\"movie\" value=\"http:\/\/www.youtube.com\/v\/8qyvYATQTGk?version=3&amp;hl=en_US\"><param name=\"allowscriptaccess\" value=\"always\"><param name=\"wmode\" value=\"transparent\"><embed src=\"http:\/\/www.youtube.com\/v\/8qyvYATQTGk?version=3&amp;hl=en_US\" width=\"560\" height=\"340\" class=\"yp\" type=\"application\/x-shockwave-flash\" wmode=\"transparent\" allowscriptaccess=\"always\"><span style=\"display:block;margin-top:15px;\">The Adobe Flash Player is required for video playback.<br><a href=\"http:\/\/get.adobe.com\/flashplayer\/\" title=\"Install from Adobe\">Get the latest Flash Player<\/a> or <a href=\"http:\/\/www.youtube.com\/watch?v=8qyvYATQTGk\" target=\"_blank\" title=\"Watch on YouTube\">Watch this video on YouTube<\/a>.<\/span><\/object><\/noscript><iframe loading=\"lazy\" src=\"http:\/\/www.youtube.com\/embed\/8qyvYATQTGk?version=3&amp;wmode=transparent\" width=\"560\" height=\"340\" class=\"yp\" title=\"YouTube video player\" frameborder=\"0\" allowfullscreen><\/iframe><\/div><\/div><\/p>\n<ol>\n<\/ol>\n<p><a href='http:\/\/www.youtube.com\/watch?v=z4RekQPCQt8' >\u010clanice A &#8211; Ob\u010dinsko tekmovanje, Grosuplje 2009<\/a><br \/>\n<a href='http:\/\/www.youtube.com\/watch?v=feIKzJ1OwPs' >Ob\u010dinski kviz 2009<\/a><\/p>\n<p><strong>Na\u0161e vaje:<\/strong><br \/>\n<a href='http:\/\/www.youtube.com\/watch?v=VfGX7ooUpqc' >Priprave na orientacijski pohod 2009<\/a><br \/>\n<a href='http:\/\/www.youtube.com\/watch?v=CePEMZkdKxQ' >\u010clanice A &#8211; vaje<\/a><br \/>\n<a href='http:\/\/www.youtube.com\/watch?v=9JdLW8J7A38' >\u010clanice A &#8211; vaje<\/a><br \/>\n<a href='http:\/\/www.youtube.com\/watch?v=1y143VXrSiA' >Mladinci &#8211; vaje<\/a><br \/>\n<a href='http:\/\/www.youtube.com\/watch?v=dMubuiCCaF0' >\u010clani B &#8211; vaje<\/a><\/p>\n","protected":false},"excerpt":{"rendered":"<p>V gasilskem dru\u0161tvu \u010cu\u0161perk smo zelo dejavni na podro\u010dju tekmovanj. Na\u0161e ekipe zastopajo ime dru\u0161tva vsako leto na ob\u010dinskih tekmovanjih, kjer tudi dosegamo zavidljive uspehe. Tam po zaslugi zmag ali mest tik pod vrhom popeljemo nekaj desetin na nadaljna regijska tekmovanja od tam pa prakti\u010dno vsako leto tudi kak\u0161no ekipo na dr\u017eavne tekme. V dru\u0161tvu [&hellip;]<\/p>\n","protected":false},"author":2,"featured_media":0,"parent":0,"menu_order":0,"comment_status":"closed","ping_status":"closed","template":"","meta":{"ngg_post_thumbnail":0,"footnotes":""},"class_list":["post-103","page","type-page","status-publish","hentry"],"_links":{"self":[{"href":"https:\/\/www.pgd-cusperk.si\/index.php?rest_route=\/wp\/v2\/pages\/103","targetHints":{"allow":["GET"]}}],"collection":[{"href":"https:\/\/www.pgd-cusperk.si\/index.php?rest_route=\/wp\/v2\/pages"}],"about":[{"href":"https:\/\/www.pgd-cusperk.si\/index.php?rest_route=\/wp\/v2\/types\/page"}],"author":[{"embeddable":true,"href":"https:\/\/www.pgd-cusperk.si\/index.php?rest_route=\/wp\/v2\/users\/2"}],"replies":[{"embeddable":true,"href":"https:\/\/www.pgd-cusperk.si\/index.php?rest_route=%2Fwp%2Fv2%2Fcomments&post=103"}],"version-history":[{"count":31,"href":"https:\/\/www.pgd-cusperk.si\/index.php?rest_route=\/wp\/v2\/pages\/103\/revisions"}],"predecessor-version":[{"id":986,"href":"https:\/\/www.pgd-cusperk.si\/index.php?rest_route=\/wp\/v2\/pages\/103\/revisions\/986"}],"wp:attachment":[{"href":"https:\/\/www.pgd-cusperk.si\/index.php?rest_route=%2Fwp%2Fv2%2Fmedia&parent=103"}],"curies":[{"name":"wp","href":"https:\/\/api.w.org\/{rel}","templated":true}]}}